the prime factors of x(11)?
2, 3, 5
Let l = -2 - -4. Let f be -6*l*(-1)/4. Suppose -3*y + 90 = -f*h + 9, -h = 4. List the prime factors of y.
23
Let n be (-18)/6 + (-6)/(-1). Suppose -b + n*o - 4 = 0, 5*o - 12 = 3. Suppose b*k - 126 = 3*q, -4*k + k + 87 = 2*q. What are the prime factors of k?
3
Suppose -101 = 3*d - 5*w, 4*d + 153 = -0*d + 3*w. Let s = d - -76. What are the prime factors of s?
2, 17
Let o = 27 + -41. Let j = o + 19. List the prime factors of (-2 + 3 - j) + 14.
2, 5
Let n(z) = -2*z**3 + 64*z**2 - 47*z + 68. List the prime factors of n(31).
13, 41
Suppose -2*l + 2*s + 74 = -0*s, -l - 4*s = -47. Let d = 128 - l. Suppose -4*v - 3*a = -d, 5*v + 3*a - 2 = 110. List the prime factors of v.
23
Suppose 0 = r + 4, -2*k + 4*r + 23 = -43. Suppose -i + 146 = 3*x - k, -3*i = 0. List the prime factors of x.
3, 19
Let s(i) = -88*i + 4. Let l be s(-4). Suppose 2*k - l = -2*m, -3*k - 3*m = 2*m - 524. List the prime factors of k.
3, 61
Suppose -3*q + 2087 = 215. What are the prime factors of q?
2, 3, 13
Suppose m - 130 = -2*t, -4*t + 205 = -t - m. List the prime factors of (-6)/(t/(-22) - -3) + 4.
2, 17
Suppose 1 = p, 3*u - 12 = -2*u - 2*p. Suppose -2*m + u*v + 8 = 0, 2*v = -4*m - 0*v + 40. What are the prime factors of m?
2
Let x(p) = -9*p**2 - 27*p + 44. Let b(r) = -5*r**2 - 14*r + 22. Let n(j) = 7*b(j) - 4*x(j). List the prime factors of n(10).
2, 89
Let x = 3 - -499. What are the prime factors of x?
2, 251
Let c be (-27)/(-12) + 1/(-4). Let p = c - 4. What are the prime factors of 22/p*(-3 + 2)?
11
Let d = 39 - 29. Suppose -16 = 6*a - d*a. List the prime factors of a.
2
Let f = -1783 + 2764. List the prime factors of f.
3, 109
Suppose -a = -5*g - 27, a - 3*g - 57 = -3*a. Let p = -1 + -7. What are the prime factors of 126/a*p/(-6)?
2, 7
Suppose 2*c - 22 = -6. Suppose 4*o = 2*o + c. List the prime factors of ((-160)/15)/(o/(-6)).
2
Suppose 4*c - 8*c - 6220 = -4*n, 0 = n + 5*c - 1543. List the prime factors of n.
1553
Let d(x) = x**2 + 9*x + 16. Let y be -7 + 4 - (6 - -2). Let v = -22 - y. List the prime factors of d(v).
2, 19
Let a(j) = j**3 - 9*j**2 + 3*j + 3. Let p be a(9). Suppose -p = -4*s + 10. Let r = 12 - s. What are the prime factors of r?
2
Let z be (-4)/(-1 + -3) - 5. List the prime factors of z/(2/14 + 200/(-1204)).
2, 43
Let d(c) = -3*c + 24. Let x be d(10). List the prime factors of -2 + 40/x*132/(-8).
2, 3
Suppose 2*x - 7*x = -10. Suppose x*q + 3 = 9. Suppose -16 = -q*h + 17. What are the prime factors of h?
11
Suppose 4*o = -3*g + 4038, -4*o = 2*g - 2343 - 1693. List the prime factors of o.
2, 3, 7
Let t = 30 - 15. Let i = t - 10. What are the prime factors of (-9)/45 + 136/i?
3
What are the prime factors of (-786)/(6/(-6)) - -3?
3, 263
Suppose 3*p = -3*q + 36, 2*p + 3 + 3 = 4*q. Let f be p/(7/4) - 2. Suppose 3*r - 2*r = 2*k + f, 5*r - 49 = -3*k. What are the prime factors of r?
2
Suppose -4*z - 5*u + 2*u + 81 = 0, 41 = 2*z + u. Let c = -6 + z. Let w = 35 - c. List the prime factors of w.
2, 5
Let d = 7828 - 5061. List the prime factors of d.
2767
Suppose -2*k + 0*o + 6 = -5*o, -3*k = 5*o - 9. Suppose -k*s = -5*s + 6. List the prime factors of 3 + (s - 2) - -1.
5
List the prime factors of ((-498)/(-415))/((-2)/(-1105) + 0).
3, 13, 17
List the prime factors of (1 - -848)*(-12 + 2 + 12).
2, 3, 283
Let c(j) = -j - 9. Let a be c(-11). Suppose -a*q = -51 - 41. List the prime factors of q.
2, 23
Let h(s) = -s**3 + 6*s**2 + s - 2. Suppose 7 = w + 3. Let o be (4 - w/(-4))/1. List the prime factors of h(o).
2, 7
Let l(o) = -o**3 - 9*o**2 - 12*o - 10. Let j be 83/(-9) + 18/81. Let h be l(j). Suppose 4*v + 124 = 5*d + 2*v, 2*v = 4*d - h. What are the prime factors of d?
2, 13
Let r(t) = 134*t**2 + 4*t. Let p be r(1). Suppose -48*v + p = -46*v. List the prime factors of v.
3, 23
Let z = -19 + 48. What are the prime factors of z?
29
Suppose 0 = 2*s - 1276 + 324. List the prime factors of 2/8 + s/16.
2, 3, 5
Suppose -3*r - 48 = -0*r. Let l be (-72)/r - (-2)/4. Suppose 0 = -l*h + 6*n - 2*n + 110, -4*n = 4*h - 88. List the prime factors of h.
2, 11
List the prime factors of (273/(-14))/((-12)/3000).
3, 5, 13
Suppose -30 = -5*t - 5*h, 4 = 3*t - 2*h - 29. Let v(j) = 0*j**2 + 2*j**2 - 4*j - 13 + 8*j**2 - j**3. List the prime factors of v(t).
2
Suppose -4*s = 5*o - 900, 3*o + 2*o = -2*s + 440. List the prime factors of s.
2, 5, 23
Let b be (-3)/(33/(-12) - -2). Suppose z - 5*i = 70 + 2, -b*z + 4*i + 304 = 0. List the prime factors of z.
7, 11
Let k(b) = -b**2 + 2*b + 11. Let z be k(6). Let f = z + 89. What are the prime factors of f?
2, 19
Let j = -4 + 6. Suppose j*b = 7*b - 800. What are the prime factors of b?
2, 5
Suppose -m + 0 = -4. Suppose 5*i + 5*u - 470 = 0, 310 + 50 = 4*i - m*u. What are the prime factors of i?
2, 23
Let x be 14/105 - 6206/(-30). Let z = x + -136. List the prime factors of z.
71
Suppose 0 = -32*h + 11*h + 22785. List the prime factors of h.
5, 7, 31
Let l(d) = -d - 10. Let z be l(-12). Suppose x - z = -4*g + 138, -3*x = 5*g - 175. List the prime factors of g.
5, 7
Suppose x - 435 - 2276 = 0. What are the prime factors of x?
2711
Let r be 4 + (33 - -2 - (8 - 4)). What are the prime factors of (-34)/3*(r/10 - 5)?
17
Let f(u) = -2*u**3 + 2*u**2 + 2*u + 1. Let r be f(-1). Let k be r - (-3)/6*2. Suppose 2*d = 5*h - k*h - 21, 4*d + 135 = 5*h. List the prime factors of h.
31
Let d = 1 - -10. Let t = -82 - -87. Suppose 0 = 2*o + t*w - 4, -4*o - w + 55 - d = 0. What are the prime factors of o?
2, 3
Suppose 6*j - 2*j = 12. Suppose -j = -b - 0*b. Suppose 0 = -b*q - 9 + 123. What are the prime factors of q?
2, 19
Let u(b) = -b**3 + 7*b**2 + 9. Let w be u(7). Let d(s) = s**2 + 28*s + 114. Let i be d(-27). Suppose -3 = 2*t - w, 5*a + 4*t = i. List the prime factors of a.
3, 5
Suppose 10 = 5*d, -s = 4*d - 0*d - 45. Let i = -25 + s. Suppose -p + 32 = i. List the prime factors of p.
2, 5
Suppose -1146 - 20 = -2*p. What are the prime factors of p?
11, 53
Suppose -47*o = -73*o + 29068. List the prime factors of o.
2, 13, 43
Let q(n) = -n**2 + 3*n + 4. Let v be 9/2 + (-21)/14. Let u be q(v). Suppose 111 = u*y + 31. What are the prime factors of y?
2, 5
Let c = -1 + 2. List the prime factors of 99/(-22)*(-1 - c).
3
Let y = 31 + -41. Let c = y - -13. Suppose -3*p + q + 63 = 0, -p = -2*p - c*q + 21. What are the prime factors of p?
3, 7
Let b be -124*3/((-15)/5). Let p = b - 88. List the prime factors of p.
2, 3
Let b(a) = -7 - 4 - 6*a - 2*a. What are the prime factors of b(-9)?
61
Let v(s) = -s + 10. Let b be v(11). Let h = 1 - b. Suppose 7 + 1 = h*k. List the prime factors of k.
2
Let t = -253 + 553. What are the prime factors of t?
2, 3, 5
Let c = 46 + -47. What are the prime factors of c*(-1 - -21)*(-1189)/164?
5, 29
Let s(r) = 23*r**2 - 86*r + 776. What are the prime factors of s(9)?
5, 373
Let z be 2732/20 - (-3)/(-5). Let b = z + -18. List the prime factors of b.
2, 59
Let y(j) = j**2 - 4*j + 4. Let u be y(4). Suppose -12 = -o - 2*o + 2*g, -4*g + u = o. List the prime factors of o.
2
Suppose 18 + 3 = 3*q. Let s = 12 - q. Suppose s*r + 76 = 4*j - 0*r, 5*j - 112 = 2*r. List the prime factors of j.
2, 3
Let t(s) = -16*s**3 + 2*s**2 + 18*s + 6. List the prime factors of t(-3).
2, 3, 67
Let x = 3 + -1. Suppose x*r = 4*r - 40. Suppose -2*g = -3*g + r. List the prime factors of g.
2, 5
Let x = 666 + -323. List the prime factors of x.
7
Suppose 74 = h + 3*h - 2*p, -3*h - 5*p + 49 = 0. Suppose 2*z - 26 = -h. What are the prime factors of z?
2
Suppose 4*p = -0*j + 3*j - 850, 7*j - 1934 = -3*p. List the prime factors of j.
2, 139
Suppose -28 = -q + 7. Let w be 10/q - (-26)/7. Suppose c + y - 82 = 0, w*c - y + 105 = 428. What are the prime factors of c?
3
Suppose 10*n - 19029 = 1221. List the prime factors of n.
3, 5
Let f(l) = l**3 - 11*l**2 - 2*l + 16. Let z = -22 + 33. Let n be f(z). List the prime factors of -12*(3 - (-20)/n).
2
Suppose p = 5*p. Let v be (-52)/13*(-1 - p). Let o = 18 - v. List the prime factors of o.
2, 7
Let o = -2299 - -3965. List the prime factors of o.
2, 7, 17
Let w(j) = 4*j + 12. Let x be w(-8). What are the prime factors of (0 - 1) + (-8 - x)?
11
Let a be (-1)/((-1)/1) + 3. Suppose -a*d - 21 = -217. Suppose j = -4, -2*l + l + j = -d. What are the prime factors of l?
3, 5
Let a(j) = -j**3 - 4*j**2 + 24*j + 24. List the 